46
Let m(v) = 42*v**3 - 5 - 2*v**2 + 0*v**2 + 3*v - 41*v**3. Let b be m(2). Suppose -4 + 10 = -2*o, 2*o + b = -5*c. Calculate the remainder when 4 is divided by c.
0
Suppose 5*r = 2*r + 186. Calculate the remainder when (-2)/(-6) + 12045/99 is divided by r.
60
Let o(v) = -5604*v + 33655. What is the remainder when (-2598)/(-4)*(-16)/(-12) is divided by o(6)?
29
Let o = -303 - -252. Let u(g) = -g**2 - 52*g - 36. Calculate the remainder when 99 is divided by u(o).
9
Suppose -4*v = 4*u - 1164, 67*v = -5*u + 68*v + 1443. Calculate the remainder when u is divided by 91.
16
Let f(p) = 4*p - 141 + 145 - 5*p. Calculate the remainder when 163 is divided by f(-7).
9
Let w = -8 + 37. Calculate the remainder when ((-804)/48)/((-1)/4) is divided by w.
9
Let h = 478 - 79. Suppose 3*j = -5*z - 519, -3*j = -4*z - 0*z - h. Let b = 127 + z. Calculate the remainder when 71 is divided by b.
21
Suppose 4*p + 7*p = 242. Let z be 1/(-9)*-6*-30. Calculate the remainder when (-15)/z + (-690)/(-8) is divided by p.
21
Suppose -2336 = -702*l + 2578. What is the remainder when (-2 - 28)*(-20)/8 is divided by l?
5
Suppose 469 = -38*m + 45*m. Suppose -140 = 2*d + 3*d. Let o = m + d. Calculate the remainder when o is divided by 14.
11
Let p = -4016 + 4042. What is the remainder when 304 is divided by p?
18
Let a(l) = -42*l - 1406. Calculate the remainder when a(-34) is divided by 13.
9
Let n be 35/210 + (506/12)/(-1). Calculate the remainder when 616/n*((-198)/8)/3 is divided by 63.
58
Suppose -47*u + 6503 = 1286. Let i(n) = -2*n - 41. What is the remainder when u is divided by i(-24)?
6
Let s(v) = -6*v + 13. Calculate the remainder when s(-7) is divided by ((-371)/(-49) + -8)*-49.
13
Suppose 4*r - 2*q = 1022, 1023 = -0*r + 4*r - 3*q. Let b be (r/10)/(2/(-4)). Let k = b - -67. Calculate the remainder when 47 is divided by k.
15
Let w(k) = 3*k**2 + 6*k + 10. Let g(j) = 4*j**3 + 5*j**2 - j + 4. Let m be g(4). Suppose 0*x - m = -3*x. Calculate the remainder when x is divided by w(-3).
17
Suppose -4*z - 3*h = -315, -3*h = -z + 81 - 21. Suppose -275 = 11*l + 117 + 246. Let t = z + l. Calculate the remainder when 100 is divided by t.
15
Let r = -635 + 645. Let o(z) = 6*z**2 - 40*z - 3. What is the remainder when o(r) is divided by 50?
47
Calculate the remainder when (1/2)/((-9)/(-23706)) is divided by 66.
63
Suppose 0 = -0*s - s + 50. Suppose -2*p - 14 = -8, -12 = -3*c + 4*p. Let z(x) = -x**2 - x + 13. What is the remainder when s is divided by z(c)?
11
Suppose 0 = 8*j - 9*j - 3*j. Suppose -213*c + 208*c + 245 = j. What is the remainder when c is divided by 26?
23
Let x = 315 - 287. Suppose -3*a = 5*o - 1833, -o - 25*a = -x*a - 363. What is the remainder when o is divided by 16?
14
Let d = 217 + -372. Let u = d + 283. Calculate the remainder when u is divided by 26.
24
Let h(r) = r**2 - 76*r + 703. Calculate the remainder when 203 is divided by h(9).
3
Suppose 5*v - 910 = 1025. Let n = 422 - v. What is the remainder when 205 is divided by n?
30
Suppose t - 6 - 25 = 5*u, 0 = 3*t + 5*u - 233. What is the remainder when 565 is divided by t?
37
Suppose 4004 + 717 + 2767 = 144*k. Calculate the remainder when 6/(1 - -2) - -151 is divided by k.
49
Suppose z - 6*z = h - 605, 6*h = 5*z + 3595. Let l = -553 + h. Calculate the remainder when l is divided by 12.
11
Let f be 46*2/8 - 3/6. Suppose 0 = 5*x - 14 - f. Calculate the remainder when (-4)/10 + (-535)/(-25) is divided by x.
1
Suppose -110 = n - 3*n. Let w = 198 + -240. Let j = -28 - w. What is the remainder when n is divided by j?
13
Let l be (708/(-48))/((-174)/(-88) - 2). Suppose -9*h + 1367 = -l. Suppose -5*s - 33 - 35 = -i, -4*i + h = 4*s. What is the remainder when i is divided by 12?
10
Let s(o) = -5*o - 28. Let t be s(-5). What is the remainder when 88 is divided by t/(4 - 115/25)?
3
Suppose 9 = 4*o - 7. Let k = 11 - o. Let n(a) = 8*a - 8. What is the remainder when n(k) is divided by 17?
14
Let d = 1467 - 1449. What is the remainder when 120 is divided by d?
12
Suppose 0 = 17*s - 583 + 3677. Let q = 221 + s. What is the remainder when 152 is divided by q?
35
Let r = -96 + -125. Let t = r + 237. Suppose -378 = 2*j - 5*j. What is the remainder when j is divided by t?
14
Let x = -21 - -70. Let p(j) = -965*j - 5772. Calculate the remainder when x is divided by p(-6).
13
Let s = -91 + 89. Calculate the remainder when 27 is divided by s/(4 - (-18)/(-4)).
3
Let k = 823 + -732. What is the remainder when 306 is divided by k?
33
Suppose 153 = -4*k + 433. Let s(o) = -14*o - 61 + 59 - 25*o. What is the remainder when k is divided by s(-1)?
33
Suppose 10*k + 2124 = 4*k. Let c = -345 - k. What is the remainder when (5 - 4) + 74/2 is divided by c?
2
Suppose -3459*j + 52218 = -3441*j. Calculate the remainder when j is divided by 153.
147
Suppose -3*l + 201 = 5*p - 4*p, -5*p + 1055 = 5*l. Suppose -4*g - p = -224. Calculate the remainder when 4 is divided by g.
0
What is the remainder when ((532/21)/4)/(3/72) is divided by (24/(-84))/((-1)/77)?
20
Let s(v) = -14*v + 4. Suppose -16*m - 28 = -18*m. Let j(t) = -t + 12. Let g be j(m). What is the remainder when 156 is divided by s(g)?
28
Suppose -4*d + 12 = 0, 10*v - 8*v - 2*d = 18. Let x(z) = -z**3 - 4*z**2 - z + 5. Let k be x(-4). Calculate the remainder when k/(-6)*172/(-6) is divided by v.
7
Suppose -10*z + 33410 = -10260. Calculate the remainder when z is divided by 91.
90
Suppose a - 4 = 2*v - 31, -147 = 5*a - 4*v. Let r = -27 - a. Calculate the remainder when 43 is divided by r*(-7)/154 + (-356)/(-22).
11
Let z(b) = 11 - 5 - b**2 + 7 - 3. Let u be z(-5). What is the remainder when 8 is divided by (-5)/(u/(-12)) - -10?
2
What is the remainder when 20718/7 + 3 + 6/(-105)*-5 is divided by 76?
75
What is the remainder when 1327 is divided by 96/264 + 37163/77?
361
Suppose 180 = -4*u + 360. What is the remainder when 69 is divided by u?
24
Suppose 0 = a - 2*h - 223, -2*h = -4*a + 93 + 745. What is the remainder when a is divided by 33/12*8/2?
7
What is the remainder when ((-819)/65)/21 + 10523/5 is divided by 419?
9
Let t = -104 - -100. Suppose 0 = 5*y + 2 - 12. Calculate the remainder when (-4 - 0)/(t + (-2 - -4)) is divided by y.
0
Suppose 0 = -3*y - 2*y + 15. Let m(x) = -27*x**2 + 8*x + 17. Let w be m(-3). Let v = w + 266. Calculate the remainder when v is divided by y.
1
Let f = 290 - 287. What is the remainder when 17 - (0 - (1 + -1)) is divided by f + 1 + (4 - 0 - -4)?
5
Suppose -2010 = -5*i - 4*x + 790, 2*i + 5*x - 1120 = 0. Calculate the remainder when i is divided by 93.
2
Suppose 4*h = 8, 2*n - h - 18 = -0*n. Let y be (-5)/(75/(-65))*201*1. Suppose 25*p = 12*p + y. Calculate the remainder when p is divided by n.
7
Let n(y) = 1405*y - 12634. What is the remainder when n(9) is divided by 6?
5
Let m(n) = 12*n**2 + n + 3. Let k be ((-2)/(-6))/(((-28)/36)/(-7)). Calculate the remainder when m(-2) is divided by (5 - -20) + 5 - k.
22
Let i(t) = t**2 + 35*t + 307. Calculate the remainder when 843 is divided by i(-14).
11
Let g(b) = 3*b**3 + 228*b**2 - 12*b - 282. What is the remainder when 1262 is divided by g(-76)?
2
Let k = 437 - 184. Let s = -147 + k. Suppose -62 - s = -12*r. What is the remainder when 26 is divided by r?
12
Let l = 593 - 558. Suppose -2 = -d + 2. What is the remainder when l is divided by d?
3
Let j = -20860 - -21057. Calculate the remainder when 630 is divided by j.
39
What is the remainder when ((-246)/(-18))/(62/(-306) + (-16)/(-72)) is divided by 64?
57
Let j(q) = -q**3 + 9*q**2 + 16*q - 19. Suppose z - 6*z + 110 = 0. What is the remainder when j(10) is divided by z?
19
Suppose -g + 2 = -2. Suppose 0 = g*x + x + 5*w - 600, -597 = -5*x - 4*w. Suppose 2574*o - 2569*o = 120. Calculate the remainder when x is divided by o.
21
Suppose -5*d = 18*n - 21*n + 462, 3*n + 2*d - 420 = 0. Suppose -4*q = -44 - 40. Calculate the remainder when n is divided by q.
18
Let a be (-1)/(-2*(1/6)/1). Suppose 0 = 2*z - o - 86 - 69, 1 = -o. Suppose z = 5*q - a. Calculate the remainder when 29 is divided by q.
13
Let g(o) = o**3 - 8*o**2 + 22*o - 23. Let i = 9 + 6. Suppose 14 + i = y. What is the remainder when g(7) is divided by y?
24
Let i = 38 + -210. Let f = -8274 - -8246. Let r = f - i. Calculate the remainder when r is divided by 29.
28
Let p(i) = -2*i**2 + 69*i + 1247. Calculate the 